dreds digit of 558476010?
0
What is the hundreds digit of 43596861?
8
What is the hundred thousands digit of 133835370?
8
What is the units digit of 76228657?
7
What is the ten thousands digit of 262236008?
3
What is the millions digit of 1794768572?
4
What is the hundred millions digit of 235327398?
2
What is the millions digit of 65625408?
5
What is the ten thousands digit of 200696927?
9
What is the thousands digit of 353924412?
4
What is the ten thousands digit of 980108642?
0
What is the ten thousands digit of 309149898?
4
What is the tens digit of 38309392?
9
What is the units digit of 158417775?
5
What is the ten thousands digit of 247476538?
7
What is the hundreds digit of 101436656?
6
What is the hundred thousands digit of 6338333329?
3
What is the hundreds digit of 41090765?
7
What is the units digit of 519782592?
2
What is the thousands digit of 67284521?
4
What is the ten millions digit of 252094179?
5
What is the hundred millions digit of 2209504792?
2
What is the hundreds digit of 4268258?
2
What is the thousands digit of 2323182311?
2
What is the ten millions digit of 370995179?
7
What is the millions digit of 1167714982?
7
What is the millions digit of 186853041?
6
What is the hundred thousands digit of 14724099?
7
What is the millions digit of 964024146?
4
What is the ten millions digit of 21666682?
2
What is the ten thousands digit of 41297432?
9
What is the ten thousands digit of 1428366408?
6
What is the units digit of 216931527?
7
What is the millions digit of 425303338?
5
What is the hundred millions digit of 3531092105?
5
What is the ten millions digit of 79410519?
7
What is the thousands digit of 519788467?
8
What is the thousands digit of 93290056?
0
What is the thousands digit of 390960087?
0
What is the tens digit of 174075027?
2
What is the hundreds digit of 668401794?
7
What is the hundred thousands digit of 890127075?
1
What is the millions digit of 5634290279?
4
What is the units digit of 404596420?
0
What is the ten thousands digit of 3336427897?
2
What is the thousands digit of 66811927?
1
What is the hundreds digit of 238074837?
8
What is the ten thousands digit of 1945712974?
1
What is the tens digit of 156493355?
5
What is the ten millions digit of 73169424?
7
What is the ten thousands digit of 467853113?
5
What is the thousands digit of 370479698?
9
What is the millions digit of 96059918?
6
What is the units digit of 24157885?
5
What is the tens digit of 2194045556?
5
What is the millions digit of 2615945375?
5
What is the hundred thousands digit of 409856849?
8
What is the units digit of 4197216?
6
What is the millions digit of 183000810?
3
What is the ten millions digit of 1516854462?
1
What is the hundreds digit of 11228824?
8
What is the hundreds digit of 69301637?
6
What is the thousands digit of 2610978832?
8
What is the hundreds digit of 1284159826?
8
What is the ten thousands digit of 90162931?
6
What is the tens digit of 2187326749?
4
What is the units digit of 93060568?
8
What is the ten millions digit of 207664318?
0
What is the tens digit of 45274810?
1
What is the ten thousands digit of 1873822463?
2
What is the billions digit of 1850464403?
1
What is the millions digit of 34508192?
4
What is the ten thousands digit of 888633115?
3
What is the ten thousands digit of 19090792?
9
What is the hundred thousands digit of 991211640?
2
What is the billions digit of 1089151539?
1
What is the units digit of 1357855822?
2
What is the hundred thousands digit of 2705296387?
2
What is the units digit of 267166635?
5
What is the ten thousands digit of 7417844710?
4
What is the thousands digit of 2314340322?
0
What is the units digit of 63700986?
6
What is the millions digit of 1512640546?
2
What is the ten millions digit of 1291103500?
9
What is the ten millions digit of 409756226?
0
What is the tens digit of 503508579?
7
What is the hundreds digit of 2541997202?
2
What is the ten thousands digit of 157019482?
1
What is the millions digit of 45136816?
5
What is the thousands digit of 388729031?
9
What is the hundred millions digit of 6732556910?
7
What is the units digit of 174390003?
3
What is the hundred millions digit of 1933030766?
9
What is the hundred millions digit of 2743807798?
7
What is the tens digit of 105124299?
9
What is the ten thousands digit of 780403956?
0
What is the millions digit of 122050446?
2
What is the hundred thousands digit of 5951568456?
5
What is the ten thousands digit of 267620616?
2
What is the millions digit of 49743689?
9
What is the thousands digit of 412826071?
6
What is the millions digit of 12472012?
2
What is the tens digit of 306246570?
7
What is the tens digit of 45359626?
2
What is the tens digit of 75503946?
4
What is the units digit of 428541926?
6
What is the tens digit of 232757724?
2
What is the millions digit of 157998612?
7
What is the ten thousands digit of 6390264?
9
What is the tens digit of 33504771?
7
What is the hundreds digit of 6870756270?
2
What is the ten millions digit of 2010386484?
1
What is the hundreds digit of 388616131?
1
What is the ten thousands digit of 174750555?
5
What is the hundred millions digit of 239489907?
2
What is the hundreds digit of 197571902?
9
What is the millions digit of 189236171?
9
What is the thousands digit of 1231641562?
1
What is the hundred thousands digit of 2481279637?
2
What is the tens digit of 34795399?
9
What is the thousands digit of 473331881?
1
What is the ten thousands digit of 46573119?
7
What is the thousands digit of 136759043?
9
What is the hundreds digit of 70323090?
0
What is the tens digit of 33526267?
6
What is the hundreds digit of 115489406?
4
What is the ten millions digit of 258114922?
5
What is the ten thousands digit of 42779037?
7
What is the tens digit of 6089703611?
1
What is the tens digit of 7565060511?
1
What is the millions digit of 300151461?
0
What is the hundreds digit of 4862790?
7
What is the units digit of 49142462?
2
What is the hundred thousands digit of 267507977?
5
What is the hundreds digit of 895765377?
3
What is the millions digit of 16862394?
6
What is the hundred millions digit of 423850599?
4
What is the hundreds digit of 518913209?
2
What is the hundreds digit of 405268293?
2
What is the ten millions digit of 448895738?
4
What is the ten millions digit of 110162861?
1
What is the ten millions digit of 63070208?
6
What is the thousands digit of 166152360?
2
What is the tens digit of 289875122?
2
What is the ten thousands digit of 1759612366?
1
What is the tens digit of 562248304?
0
What is the tens digit of 3126226632?
3
What is the hundred millions digit of 1693662848?
6
What is the thousands digit of 312330779?
0
What is the ten thousands digit of 998112042?
1
What is the thousands digit of 72671409?
1
What is the tens digit of 47191434?
3
What is the millions digit of 683252398?
3
What is the hundred thousands digit of 833227018?
2
What is the hundred millions digit of 395643918?
3
What is the ten thousands digit of 200677312?
7
What is the ten millions digit of 60168821?
6
What is the hundred millions digit of 2891634512?
8
What is the millions digit of 54778879?
4
What is the millions digit of 257662808?
7
What is the ten thousands digit of 13239603?
3
What is the hundreds digit of 372542822?
8
What is the hundreds digit of 2536245736?
7
What is the units digit of 301098370?
0
What is the units digit of 122163920?
0
What is the ten thousands digit of 72222774?
2
What is the ten millions digit of 1279830586?
7
What is the thousands digit of 873610044?
0
What is the tens digit of 71982114?
1
What is the hundreds digit of 53329492?
4
What is the millions digit of 1964378256?
4
What is the hundred thousands digit of 4924611624?
6
What is the millions digit of 113979808?
3
What is the thousands digit of 2278567024?
7
What is the millions digit of 4663429267?
3
What is the hundred millions digit of 362693358?
3
What is the millions digit of 283219098?
3
What is the ten thousands digit of 813461168?
6
What is the hundred thousands digit of 1317476387?
4
What is the thousands digit of 2660312395?
2
What is the thousands digit of 324936978?
6
What is the tens digit of 95990931?
3
What is the tens digit of 663121931?
3
What is the units digit of 481697991?
1
What is the